{"id":15,"date":"2023-07-14T17:14:12","date_gmt":"2023-07-14T17:14:12","guid":{"rendered":"http:\/\/informes.allencarrmexico.com\/?page_id=15"},"modified":"2023-08-10T16:42:14","modified_gmt":"2023-08-10T16:42:14","slug":"home","status":"publish","type":"page","link":"https:\/\/informes.allencarrmexico.com\/","title":{"rendered":"Home"},"content":{"rendered":"\t\t<div data-elementor-type=\"wp-page\" data-elementor-id=\"15\" class=\"elementor elementor-15\">\n\t\t\t\t\t\t\t\t\t<section class=\"elementor-section elementor-top-section elementor-element elementor-element-2b597b4 elementor-section-full_width elementor-section-stretched elementor-section-height-default elementor-section-height-default\" data-id=\"2b597b4\" data-element_type=\"section\" data-settings=\"{&quot;stretch_section&quot;:&quot;section-stretched&quot;}\">\n\t\t\t\t\t\t<div class=\"elementor-container elementor-column-gap-no\">\n\t\t\t\t\t<div class=\"elementor-column elementor-col-100 elementor-top-column elementor-element elementor-element-fa1a1ed\" data-id=\"fa1a1ed\" data-element_type=\"column\">\n\t\t\t<div class=\"elementor-widget-wrap elementor-element-populated\">\n\t\t\t\t\t\t\t\t<div class=\"elementor-element elementor-element-e958bc5 elementor-widget elementor-widget-html\" data-id=\"e958bc5\" data-element_type=\"widget\" data-widget_type=\"html.default\">\n\t\t\t\t<div class=\"elementor-widget-container\">\n\t\t\t<div style=\"\">\n    <img decoding=\"async\" style=\"object-fit:cover;\n  width:100%;\n  height:100%;\" src=\"http:\/\/informes.allencarrmexico.com\/wp-content\/uploads\/2023\/07\/HEAD-ALLEN-2.png\">\n<\/div>\t\t<\/div>\n\t\t\t\t<\/div>\n\t\t\t\t\t<\/div>\n\t\t<\/div>\n\t\t\t\t\t\t\t<\/div>\n\t\t<\/section>\n\t\t\t\t<section class=\"elementor-section elementor-top-section elementor-element elementor-element-9jzp0zu elementor-section-content-middle elementor-section-boxed elementor-section-height-default elementor-section-height-default\" data-id=\"9jzp0zu\" data-element_type=\"section\" data-settings=\"{&quot;background_background&quot;:&quot;classic&quot;}\">\n\t\t\t\t\t\t\t<div class=\"elementor-background-overlay\"><\/div>\n\t\t\t\t\t\t\t<div class=\"elementor-container elementor-column-gap-no\">\n\t\t\t\t\t<div class=\"elementor-column elementor-col-50 elementor-top-column elementor-element elementor-element-d5abc8a\" data-id=\"d5abc8a\" data-element_type=\"column\">\n\t\t\t<div class=\"elementor-widget-wrap elementor-element-populated\">\n\t\t\t\t\t\t\t\t<div class=\"elementor-element elementor-element-78825ce elementor-widget elementor-widget-image\" data-id=\"78825ce\" data-element_type=\"widget\" data-widget_type=\"image.default\">\n\t\t\t\t<div class=\"elementor-widget-container\">\n\t\t\t<style>\/*! elementor - v3.14.0 - 26-06-2023 *\/\n.elementor-widget-image{text-align:center}.elementor-widget-image a{display:inline-block}.elementor-widget-image a img[src$=\".svg\"]{width:48px}.elementor-widget-image img{vertical-align:middle;display:inline-block}<\/style>\t\t\t\t\t\t\t\t\t\t\t\t<img decoding=\"async\" width=\"1000\" height=\"1000\" src=\"https:\/\/informes.allencarrmexico.com\/wp-content\/uploads\/2023\/07\/INFO-ALLEN-copia.png\" class=\"attachment-full size-full wp-image-56\" alt=\"\" loading=\"lazy\" srcset=\"https:\/\/informes.allencarrmexico.com\/wp-content\/uploads\/2023\/07\/INFO-ALLEN-copia.png 1000w, https:\/\/informes.allencarrmexico.com\/wp-content\/uploads\/2023\/07\/INFO-ALLEN-copia-300x300.png 300w, https:\/\/informes.allencarrmexico.com\/wp-content\/uploads\/2023\/07\/INFO-ALLEN-copia-150x150.png 150w, https:\/\/informes.allencarrmexico.com\/wp-content\/uploads\/2023\/07\/INFO-ALLEN-copia-768x768.png 768w\" sizes=\"(max-width: 1000px) 100vw, 1000px\" \/>\t\t\t\t\t\t\t\t\t\t\t\t\t\t\t<\/div>\n\t\t\t\t<\/div>\n\t\t\t\t\t<\/div>\n\t\t<\/div>\n\t\t\t\t<div class=\"elementor-column elementor-col-50 elementor-top-column elementor-element elementor-element-1f377f6\" data-id=\"1f377f6\" data-element_type=\"column\">\n\t\t\t<div class=\"elementor-widget-wrap elementor-element-populated\">\n\t\t\t\t\t\t\t\t<div class=\"elementor-element elementor-element-a16f8e5 elementor-widget elementor-widget-text-editor\" data-id=\"a16f8e5\" data-element_type=\"widget\" data-widget_type=\"text-editor.default\">\n\t\t\t\t<div class=\"elementor-widget-container\">\n\t\t\t<style>\/*! elementor - v3.14.0 - 26-06-2023 *\/\n.elementor-widget-text-editor.elementor-drop-cap-view-stacked .elementor-drop-cap{background-color:#69727d;color:#fff}.elementor-widget-text-editor.elementor-drop-cap-view-framed .elementor-drop-cap{color:#69727d;border:3px solid;background-color:transparent}.elementor-widget-text-editor:not(.elementor-drop-cap-view-default) .elementor-drop-cap{margin-top:8px}.elementor-widget-text-editor:not(.elementor-drop-cap-view-default) .elementor-drop-cap-letter{width:1em;height:1em}.elementor-widget-text-editor .elementor-drop-cap{float:left;text-align:center;line-height:1;font-size:50px}.elementor-widget-text-editor .elementor-drop-cap-letter{display:inline-block}<\/style>\t\t\t\t<p class=\"font_7 wixui-rich-text__text\"><span class=\"color_15 wixui-rich-text__text\">Allen Carr era un fumador empedernido hasta que en 1983 dej\u00f3 de fumar y desarroll\u00f3 un m\u00e9todo para ayudar a otros fumadores. Su m\u00e9todo se ha expandido alrededor del mundo y actualmente hay 150 cl\u00ednicas en 50 pa\u00edses.<\/span><span class=\"color_15 wixui-rich-text__text\">Su m\u00e9todo se imparte en un curso que dura alrededor de 6 horas, en un grupo de entre 15 y 20 fumadores.<\/span><\/p>\n<p class=\"font_7 wixui-rich-text__text\"><span class=\"wixGuard wixui-rich-text__text\">\u200b<\/span><span class=\"color_15 wixui-rich-text__text\">El curso es impartido por un terapeuta experimentado y certificado por Allen Carr, quien exitosamente dej\u00f3 de fumar con el m\u00e9todo. <\/span><span class=\"color_15 wixui-rich-text__text\">Cubre muchos aspectos acerca de fumar, ya sea que pienses que fumas porque es un h\u00e1bito o una adicci\u00f3n, o por cuestiones sociales, o por estr\u00e9s, o incluso para controlar tu peso.<\/span><\/p>\n<p class=\"font_7 wixui-rich-text__text\"><span class=\"wixGuard wixui-rich-text__text\">\u200b<\/span><span class=\"color_15 wixui-rich-text__text\">En M\u00e9xico llevamos m\u00e1s de 15 a\u00f1os impartiendo los cursos de Allen Carr en varias ciudades del Pa\u00eds.<br> A continuaci\u00f3n puedes ver el calendario de nuestros pr\u00f3ximos cursos y los datos de contacto por si te interesa recibir m\u00e1s informaci\u00f3n.<\/span><\/p>\t\t\t\t\t\t<\/div>\n\t\t\t\t<\/div>\n\t\t\t\t\t<\/div>\n\t\t<\/div>\n\t\t\t\t\t\t\t<\/div>\n\t\t<\/section>\n\t\t\t\t<section class=\"elementor-section elementor-top-section elementor-element elementor-element-dc8f600 elementor-section-boxed elementor-section-height-default elementor-section-height-default\" data-id=\"dc8f600\" data-element_type=\"section\">\n\t\t\t\t\t\t<div class=\"elementor-container elementor-column-gap-default\">\n\t\t\t\t\t<div class=\"elementor-column elementor-col-50 elementor-top-column elementor-element elementor-element-2a80b6b\" data-id=\"2a80b6b\" data-element_type=\"column\">\n\t\t\t<div class=\"elementor-widget-wrap elementor-element-populated\">\n\t\t\t\t\t\t\t\t<div class=\"elementor-element elementor-element-3bd96c3 elementor-widget elementor-widget-heading\" data-id=\"3bd96c3\" data-element_type=\"widget\" data-widget_type=\"heading.default\">\n\t\t\t\t<div class=\"elementor-widget-container\">\n\t\t\t<style>\/*! elementor - v3.14.0 - 26-06-2023 *\/\n.elementor-heading-title{padding:0;margin:0;line-height:1}.elementor-widget-heading .elementor-heading-title[class*=elementor-size-]>a{color:inherit;font-size:inherit;line-height:inherit}.elementor-widget-heading .elementor-heading-title.elementor-size-small{font-size:15px}.elementor-widget-heading .elementor-heading-title.elementor-size-medium{font-size:19px}.elementor-widget-heading .elementor-heading-title.elementor-size-large{font-size:29px}.elementor-widget-heading .elementor-heading-title.elementor-size-xl{font-size:39px}.elementor-widget-heading .elementor-heading-title.elementor-size-xxl{font-size:59px}<\/style><h2 class=\"elementor-heading-title elementor-size-default\">PR\u00d3XIMOS CURSOS<\/h2>\t\t<\/div>\n\t\t\t\t<\/div>\n\t\t\t\t<div class=\"elementor-element elementor-element-537a5c4 elementor-widget elementor-widget-text-editor\" data-id=\"537a5c4\" data-element_type=\"widget\" data-widget_type=\"text-editor.default\">\n\t\t\t\t<div class=\"elementor-widget-container\">\n\t\t\t\t\t\t\t<ul><li>CDMX\u00a0 | Lunes a S\u00e1bado<strong><br \/>(PREVIA CITA)<\/strong><\/li><li>Monterrey | 1 de Agosto<\/li><li>Guadalajara | 10 de Agosto<\/li><li>Quer\u00e9taro | 7 de Septiembre<\/li><li>Le\u00f3n | 5 de Septiembre<\/li><li>Puebla | 12 de Septiembre<\/li><li>M\u00e9rida | 4 de Agosto<\/li><li>Tijuana | 3 de Octubre<\/li><li>Canc\u00fan | 14 de Noviembre<\/li><li>Veracruz | 24 de Octubre<\/li><li>Villahermosa | <strong>FECHA PENDIENTE<\/strong><\/li><li>Chihuahua | 17 de Octubre<\/li><li>Hermosillo | 16 de Noviembre<\/li><\/ul>\t\t\t\t\t\t<\/div>\n\t\t\t\t<\/div>\n\t\t\t\t\t<\/div>\n\t\t<\/div>\n\t\t\t\t<div class=\"elementor-column elementor-col-50 elementor-top-column elementor-element elementor-element-904c970\" data-id=\"904c970\" data-element_type=\"column\">\n\t\t\t<div class=\"elementor-widget-wrap elementor-element-populated\">\n\t\t\t\t\t\t\t\t<div class=\"elementor-element elementor-element-58b6714 elementor-widget elementor-widget-html\" data-id=\"58b6714\" data-element_type=\"widget\" data-widget_type=\"html.default\">\n\t\t\t\t<div class=\"elementor-widget-container\">\n\t\t\t<div style=\"height: 50px;\"> <!-- Espacio en blanco para emular la secci\u00f3n previa al video -->\r\n<\/div>\r\n<video id=\"video\" width=\"640\" height=\"460\" controls playsinline muted>\r\n  <source src=\"http:\/\/informes.allencarrmexico.com\/wp-content\/uploads\/2023\/07\/Allen-Carr-Landing.mp4\" type=\"video\/mp4\">\r\n  Tu navegador no admite la etiqueta de video.\r\n<\/video>\r\n<div style=\"height: 50px;\"> <!-- Espacio en blanco para emular la secci\u00f3n posterior al video -->\r\n<\/div>\r\n\r\n<script>\r\n  let isVideoPlaying = false;\r\n\r\n  function playVideo(video) {\r\n    video.play()\r\n      .then(() => {\r\n        isVideoPlaying = true;\r\n      })\r\n      .catch((error) => {\r\n        \/\/ Si la reproducci\u00f3n autom\u00e1tica est\u00e1 bloqueada, se inicia la reproducci\u00f3n al tocar el video.\r\n        video.addEventListener('click', () => {\r\n          video.play()\r\n            .then(() => {\r\n              isVideoPlaying = true;\r\n            })\r\n            .catch((error) => {\r\n              console.error('La reproducci\u00f3n del video no se pudo iniciar:', error);\r\n            });\r\n        });\r\n      });\r\n  }\r\n\r\n  function pauseVideo(video) {\r\n    video.pause();\r\n    isVideoPlaying = false;\r\n  }\r\n\r\n  const videoElement = document.getElementById('video');\r\n  const observer = new IntersectionObserver((entries) => {\r\n    entries.forEach((entry) => {\r\n      if (entry.isIntersecting) {\r\n        playVideo(entry.target);\r\n      } else if (isVideoPlaying) {\r\n        pauseVideo(entry.target);\r\n      }\r\n    });\r\n  });\r\n\r\n  observer.observe(videoElement);\r\n<\/script>\r\n\t\t<\/div>\n\t\t\t\t<\/div>\n\t\t\t\t\t<\/div>\n\t\t<\/div>\n\t\t\t\t\t\t\t<\/div>\n\t\t<\/section>\n\t\t\t\t<section class=\"elementor-section elementor-top-section elementor-element elementor-element-1gsnnnw elementor-section-content-middle elementor-section-boxed elementor-section-height-default elementor-section-height-default\" data-id=\"1gsnnnw\" data-element_type=\"section\" data-settings=\"{&quot;background_background&quot;:&quot;classic&quot;}\">\n\t\t\t\t\t\t<div class=\"elementor-container elementor-column-gap-no\">\n\t\t\t\t\t<div class=\"elementor-column elementor-col-50 elementor-top-column elementor-element elementor-element-923d494\" data-id=\"923d494\" data-element_type=\"column\" data-settings=\"{&quot;background_background&quot;:&quot;classic&quot;}\">\n\t\t\t<div class=\"elementor-widget-wrap elementor-element-populated\">\n\t\t\t\t\t\t\t\t<div class=\"elementor-element elementor-element-eefcbfc elementor-widget elementor-widget-shortcode\" data-id=\"eefcbfc\" data-element_type=\"widget\" data-widget_type=\"shortcode.default\">\n\t\t\t\t<div class=\"elementor-widget-container\">\n\t\t\t\t\t<div class=\"elementor-shortcode\">\n<div class=\"wpcf7 no-js\" id=\"wpcf7-f286-o1\" lang=\"es-MX\" dir=\"ltr\">\n<div class=\"screen-reader-response\"><p role=\"status\" aria-live=\"polite\" aria-atomic=\"true\"><\/p> <ul><\/ul><\/div>\n<form action=\"\/index.php\/wp-json\/wp\/v2\/pages\/15#wpcf7-f286-o1\" method=\"post\" class=\"wpcf7-form init\" aria-label=\"Formulario de contacto\" novalidate=\"novalidate\" data-status=\"init\">\n<div style=\"display: none;\">\n<input type=\"hidden\" name=\"_wpcf7\" value=\"286\" \/>\n<input type=\"hidden\" name=\"_wpcf7_version\" value=\"5.7.7\" \/>\n<input type=\"hidden\" name=\"_wpcf7_locale\" value=\"es_MX\" \/>\n<input type=\"hidden\" name=\"_wpcf7_unit_tag\" value=\"wpcf7-f286-o1\" \/>\n<input type=\"hidden\" name=\"_wpcf7_container_post\" value=\"0\" \/>\n<input type=\"hidden\" name=\"_wpcf7_posted_data_hash\" value=\"\" \/>\n<\/div>\n<input class=\"wpcf7-form-control wpcf7-hidden\" id=\"date2\" value=\"\" type=\"hidden\" name=\"date\" \/>\n<p><label> Nombre<br \/>\n<span class=\"wpcf7-form-control-wrap\" data-name=\"your-name\"><input size=\"40\" class=\"wpcf7-form-control wpcf7-text wpcf7-validates-as-required\" autocomplete=\"name\" aria-required=\"true\" aria-invalid=\"false\" value=\"\" type=\"text\" name=\"your-name\" \/><\/span> <\/label>\n<\/p>\n<p><label> Edad<br \/>\n<span class=\"wpcf7-form-control-wrap\" data-name=\"your-edad\"><input size=\"40\" class=\"wpcf7-form-control wpcf7-text wpcf7-validates-as-required\" autocomplete=\"edad\" aria-required=\"true\" aria-invalid=\"false\" value=\"\" type=\"text\" name=\"your-edad\" \/><\/span> <\/label>\n<\/p>\n<p><label> Correo electr\u00f3nico<br \/>\n<span class=\"wpcf7-form-control-wrap\" data-name=\"your-email\"><input size=\"40\" class=\"wpcf7-form-control wpcf7-text wpcf7-email wpcf7-validates-as-required wpcf7-validates-as-email\" autocomplete=\"email\" aria-required=\"true\" aria-invalid=\"false\" value=\"\" type=\"email\" name=\"your-email\" \/><\/span> <\/label>\n<\/p>\n<p><label> Tel\u00e9fono<br \/>\n<span class=\"wpcf7-form-control-wrap\" data-name=\"your-telefono\"><input size=\"40\" class=\"wpcf7-form-control wpcf7-text wpcf7-validates-as-required\" autocomplete=\"telefono\" aria-required=\"true\" aria-invalid=\"false\" value=\"\" type=\"text\" name=\"your-telefono\" \/><\/span> <\/label>\n<\/p>\n<p><label> Ciudad m\u00e1s cercana<br \/>\n<span class=\"wpcf7-form-control-wrap\" data-name=\"Ciudadmscercana\"><select class=\"wpcf7-form-control wpcf7-select wpcf7-validates-as-required\" aria-required=\"true\" aria-invalid=\"false\" name=\"Ciudadmscercana\"><option value=\"Seleccionar\">Seleccionar<\/option><option value=\"CDMX\">CDMX<\/option><option value=\"Monterrey\">Monterrey<\/option><option value=\"Guadalajara\">Guadalajara<\/option><option value=\"Le\u00f3n\">Le\u00f3n<\/option><option value=\"Quer\u00e9taro\">Quer\u00e9taro<\/option><option value=\"Tijuana\">Tijuana<\/option><option value=\"Canc\u00fan\">Canc\u00fan<\/option><option value=\"M\u00e9rida\">M\u00e9rida<\/option><option value=\"Puebla\">Puebla<\/option><option value=\"Veracruz\">Veracruz<\/option><option value=\"Chihuahua\">Chihuahua<\/option><option value=\"Hermosillo\">Hermosillo<\/option><option value=\"Villahermosa\">Villahermosa<\/option><\/select><\/span><\/label>\n<\/p>\n<p><label> Mensaje<br \/>\n<span class=\"wpcf7-form-control-wrap\" data-name=\"your-message\"><textarea cols=\"40\" rows=\"10\" class=\"wpcf7-form-control wpcf7-textarea wpcf7-validates-as-required\" aria-required=\"true\" aria-invalid=\"false\" name=\"your-message\"><\/textarea><\/span> <\/label>\n<\/p>\n<p><input class=\"wpcf7-form-control has-spinner wpcf7-submit\" type=\"submit\" value=\"Enviar\" \/>\n<\/p><div class=\"wpcf7-response-output\" aria-hidden=\"true\"><\/div>\n<\/form>\n<\/div>\n<\/div>\n\t\t\t\t<\/div>\n\t\t\t\t<\/div>\n\t\t\t\t\t<\/div>\n\t\t<\/div>\n\t\t\t\t<div class=\"elementor-column elementor-col-50 elementor-top-column elementor-element elementor-element-563c9af\" data-id=\"563c9af\" data-element_type=\"column\">\n\t\t\t<div class=\"elementor-widget-wrap elementor-element-populated\">\n\t\t\t\t\t\t\t\t<div class=\"elementor-element elementor-element-427c279 elementor-position-left elementor-vertical-align-top elementor-widget elementor-widget-image-box\" data-id=\"427c279\" data-element_type=\"widget\" data-widget_type=\"image-box.default\">\n\t\t\t\t<div class=\"elementor-widget-container\">\n\t\t\t<style>\/*! elementor - v3.14.0 - 26-06-2023 *\/\n.elementor-widget-image-box .elementor-image-box-content{width:100%}@media (min-width:768px){.elementor-widget-image-box.elementor-position-left .elementor-image-box-wrapper,.elementor-widget-image-box.elementor-position-right .elementor-image-box-wrapper{display:flex}.elementor-widget-image-box.elementor-position-right .elementor-image-box-wrapper{text-align:right;flex-direction:row-reverse}.elementor-widget-image-box.elementor-position-left .elementor-image-box-wrapper{text-align:left;flex-direction:row}.elementor-widget-image-box.elementor-position-top .elementor-image-box-img{margin:auto}.elementor-widget-image-box.elementor-vertical-align-top .elementor-image-box-wrapper{align-items:flex-start}.elementor-widget-image-box.elementor-vertical-align-middle .elementor-image-box-wrapper{align-items:center}.elementor-widget-image-box.elementor-vertical-align-bottom .elementor-image-box-wrapper{align-items:flex-end}}@media (max-width:767px){.elementor-widget-image-box .elementor-image-box-img{margin-left:auto!important;margin-right:auto!important;margin-bottom:15px}}.elementor-widget-image-box .elementor-image-box-img{display:inline-block}.elementor-widget-image-box .elementor-image-box-title a{color:inherit}.elementor-widget-image-box .elementor-image-box-wrapper{text-align:center}.elementor-widget-image-box .elementor-image-box-description{margin:0}<\/style><div class=\"elementor-image-box-wrapper\"><div class=\"elementor-image-box-content\"><h4 class=\"elementor-image-box-title\">Direcci\u00f3n<\/h4><p class=\"elementor-image-box-description\">Palmas 731-PB, Lomas de Chapultepec<br>\nCDMX,  M\u00e9xico, CP. 11010<\/p><\/div><\/div>\t\t<\/div>\n\t\t\t\t<\/div>\n\t\t\t\t<div class=\"elementor-element elementor-element-b1349c5 elementor-position-left elementor-vertical-align-top elementor-widget elementor-widget-image-box\" data-id=\"b1349c5\" data-element_type=\"widget\" data-widget_type=\"image-box.default\">\n\t\t\t\t<div class=\"elementor-widget-container\">\n\t\t\t<div class=\"elementor-image-box-wrapper\"><div class=\"elementor-image-box-content\"><h4 class=\"elementor-image-box-title\">Email<\/h4><p class=\"elementor-image-box-description\">info@allencarr-mexico.com<\/p><\/div><\/div>\t\t<\/div>\n\t\t\t\t<\/div>\n\t\t\t\t<div class=\"elementor-element elementor-element-8791cce elementor-position-left elementor-vertical-align-top elementor-widget elementor-widget-image-box\" data-id=\"8791cce\" data-element_type=\"widget\" data-widget_type=\"image-box.default\">\n\t\t\t\t<div class=\"elementor-widget-container\">\n\t\t\t<div class=\"elementor-image-box-wrapper\"><div class=\"elementor-image-box-content\"><h4 class=\"elementor-image-box-title\">Tel\u00e9fono<\/h4><p class=\"elementor-image-box-description\">55 2623 0631 | 55 2623 2349<\/p><\/div><\/div>\t\t<\/div>\n\t\t\t\t<\/div>\n\t\t\t\t<section class=\"elementor-section elementor-inner-section elementor-element elementor-element-db56319 elementor-section-boxed elementor-section-height-default elementor-section-height-default\" data-id=\"db56319\" data-element_type=\"section\">\n\t\t\t\t\t\t<div class=\"elementor-container elementor-column-gap-default\">\n\t\t\t\t\t<div class=\"elementor-column elementor-col-100 elementor-inner-column elementor-element elementor-element-0d1a913\" data-id=\"0d1a913\" data-element_type=\"column\">\n\t\t\t<div class=\"elementor-widget-wrap elementor-element-populated\">\n\t\t\t\t\t\t\t\t<div class=\"elementor-element elementor-element-c8db5c0 elementor-widget elementor-widget-html\" data-id=\"c8db5c0\" data-element_type=\"widget\" data-widget_type=\"html.default\">\n\t\t\t\t<div class=\"elementor-widget-container\">\n\t\t\t<div Style=\"display:flex;\">\n    <div style=\"margin-right:15px;\">\n        <a href=\"https:\/\/es-la.facebook.com\/AllenCarrMexico\/\"  target=\"_blank\"><img decoding=\"async\" src=\"http:\/\/informes.allencarrmexico.com\/wp-content\/uploads\/2023\/07\/facebook-1-1.png\" width=\"40\"><\/a>\n    <\/div>\n        <a href=\"https:\/\/twitter.com\/allencarrmexico?lang=es\" target=\"_blank\"><img decoding=\"async\" src=\"http:\/\/informes.allencarrmexico.com\/wp-content\/uploads\/2023\/07\/twitter-1.png\"  width=\"40\"><\/a>\n    <div>\n    <\/div>\n<\/div>\t\t<\/div>\n\t\t\t\t<\/div>\n\t\t\t\t\t<\/div>\n\t\t<\/div>\n\t\t\t\t\t\t\t<\/div>\n\t\t<\/section>\n\t\t\t\t\t<\/div>\n\t\t<\/div>\n\t\t\t\t\t\t\t<\/div>\n\t\t<\/section>\n\t\t\t\t<section class=\"elementor-section elementor-top-section elementor-element elementor-element-9db35c3 elementor-section-boxed elementor-section-height-default elementor-section-height-default\" data-id=\"9db35c3\" data-element_type=\"section\">\n\t\t\t\t\t\t<div class=\"elementor-container elementor-column-gap-default\">\n\t\t\t\t\t<div class=\"elementor-column elementor-col-100 elementor-top-column elementor-element elementor-element-98fa06a\" data-id=\"98fa06a\" data-element_type=\"column\">\n\t\t\t<div class=\"elementor-widget-wrap elementor-element-populated\">\n\t\t\t\t\t\t\t\t<div class=\"elementor-element elementor-element-c6bb000 elementor-widget elementor-widget-html\" data-id=\"c6bb000\" data-element_type=\"widget\" data-widget_type=\"html.default\">\n\t\t\t\t<div class=\"elementor-widget-container\">\n\t\t\t<script src=\"https:\/\/code.jquery.com\/jquery-1.9.1.min.js\"><\/script>\n<script>\n\t$( document ).ready(function() {\n    console.log( \"ready!\" );\n   var today = new Date();\nvar dd = String(today.getDate()).padStart(2, '0');\nvar mm = String(today.getMonth() + 1).padStart(2, '0'); \/\/January is 0!\nvar yyyy = today.getFullYear();\n\ntoday = dd + '\/' + mm + '\/' + yyyy;\n$('#date').val(today);\n$('#date2').val(today);\n$('#landing').val(\"mailchimp\");\nconsole.log(today);\n});\n<\/script>\t\t<\/div>\n\t\t\t\t<\/div>\n\t\t\t\t\t<\/div>\n\t\t<\/div>\n\t\t\t\t\t\t\t<\/div>\n\t\t<\/section>\n\t\t\t\t\t\t\t<\/div>\n\t\t","protected":false},"excerpt":{"rendered":"<p>Allen Carr era un fumador empedernido hasta que en 1983 dej\u00f3 de fumar y desarroll\u00f3 un m\u00e9todo para ayudar a otros fumadores. Su m\u00e9todo se ha expandido alrededor del mundo y actualmente hay 150 cl\u00ednicas en 50 pa\u00edses.Su m\u00e9todo se imparte en un curso que dura alrededor de 6 horas, en un grupo de entre &hellip;<\/p>\n<p class=\"read-more\"> <a class=\"\" href=\"https:\/\/informes.allencarrmexico.com\/\"> <span class=\"screen-reader-text\">Home<\/span> Leer m\u00e1s &raquo;<\/a><\/p>\n","protected":false},"author":1,"featured_media":0,"parent":0,"menu_order":0,"comment_status":"closed","ping_status":"closed","template":"elementor_theme","meta":{"_uag_custom_page_level_css":"","site-sidebar-layout":"no-sidebar","site-content-layout":"page-builder","ast-global-header-display":"","ast-banner-title-visibility":"","ast-main-header-display":"","ast-hfb-above-header-display":"","ast-hfb-below-header-display":"","ast-hfb-mobile-header-display":"","site-post-title":"disabled","ast-breadcrumbs-content":"","ast-featured-img":"disabled","footer-sml-layout":"","theme-transparent-header-meta":"","adv-header-id-meta":"","stick-header-meta":"","header-above-stick-meta":"","header-main-stick-meta":"","header-below-stick-meta":""},"uagb_featured_image_src":{"full":false,"thumbnail":false,"medium":false,"medium_large":false,"large":false,"1536x1536":false,"2048x2048":false},"uagb_author_info":{"display_name":"allencarrmexico","author_link":"https:\/\/informes.allencarrmexico.com\/index.php\/author\/allencarrmexico\/"},"uagb_comment_info":0,"uagb_excerpt":"Allen Carr era un fumador empedernido hasta que en 1983 dej\u00f3 de fumar y desarroll\u00f3 un m\u00e9todo para ayudar a otros fumadores. Su m\u00e9todo se ha expandido alrededor del mundo y actualmente hay 150 cl\u00ednicas en 50 pa\u00edses.Su m\u00e9todo se imparte en un curso que dura alrededor de 6 horas, en un grupo de entre&hellip;","_links":{"self":[{"href":"https:\/\/informes.allencarrmexico.com\/index.php\/wp-json\/wp\/v2\/pages\/15"}],"collection":[{"href":"https:\/\/informes.allencarrmexico.com\/index.php\/wp-json\/wp\/v2\/pages"}],"about":[{"href":"https:\/\/informes.allencarrmexico.com\/index.php\/wp-json\/wp\/v2\/types\/page"}],"author":[{"embeddable":true,"href":"https:\/\/informes.allencarrmexico.com\/index.php\/wp-json\/wp\/v2\/users\/1"}],"replies":[{"embeddable":true,"href":"https:\/\/informes.allencarrmexico.com\/index.php\/wp-json\/wp\/v2\/comments?post=15"}],"version-history":[{"count":202,"href":"https:\/\/informes.allencarrmexico.com\/index.php\/wp-json\/wp\/v2\/pages\/15\/revisions"}],"predecessor-version":[{"id":317,"href":"https:\/\/informes.allencarrmexico.com\/index.php\/wp-json\/wp\/v2\/pages\/15\/revisions\/317"}],"wp:attachment":[{"href":"https:\/\/informes.allencarrmexico.com\/index.php\/wp-json\/wp\/v2\/media?parent=15"}],"curies":[{"name":"wp","href":"https:\/\/api.w.org\/{rel}","templated":true}]}}